3*x. Let n be (-80)/(-14) + -3 + 23/v. Let q(u) = -4 - 5 - u - u**3 + 4*u + 6*u**2. Give q(n).
9
Let f(d) be the third derivative of -d**6/180 + d**4/24 - 5*d**3/3 + 22*d**2. Let y(o) be the first derivative of f(o). What is y(1)?
-1
Let j(i) = -i**3 - 20*i**2 - 5. Let l be j(-20). Let c(o) = o**2 + 4*o + 4. What is c(l)?
9
Let i(d) = 5*d + 61. Let t(g) = -g - 15. Let c(z) = 2*i(z) + 9*t(z). Let y(h) = -10*h + 291. Let k be y(28). Calculate c(k).
-2
Let z(b) = -6 - 240*b + 491*b + b**3 - 250*b - 6*b**2. Determine z(6).
0
Suppose 2*t = -4 + 10. Let i(w) = 0 - 48*w**t - 2*w + 1 + 56*w**3. What is i(1)?
7
Let z(j) = 6*j + 13. Let h be z(-6). Let d = h + 29. Let k(b) = 2*b - 5. What is k(d)?
7
Let j(w) be the first derivative of 21/2*w**2 + w - 13. Calculate j(-1).
-20
Let v(j) be the third derivative of -11*j**2 + 0*j + 1/24*j**4 + 7/6*j**3 + 0. What is v(-6)?
1
Let s(l) = -10*l + 163. Let i be s(16). Let r(m) = -m**3 + 3*m**2 + m + 2. Give r(i).
5
Let f(m) be the third derivative of -m**6/30 + m**5/20 - m**4/6 + m**3/2 + 7*m**2 + 52*m. Let a = 2 + 0. Give f(a).
-25
Let t(s) = s**3 + s**2 - 6. Suppose 2*n - 15 + 1 = 0. Suppose n*y = 12*y. Determine t(y).
-6
Suppose -45 + 10 = 7*h. Let y be (2*(-9)/6)/(3/h). Let a(k) = 3*k - 8. Let d(m) = -15*m + 41. Let s(r) = -11*a(r) - 2*d(r). What is s(y)?
-9
Let u(x) be the first derivative of 2*x**3/3 - 2*x**2 + 2. Let l = 353 - 350. Give u(l).
6
Let y(g) = 2*g**2 + 15*g - 5. Suppose -5 = -3*p + 7. Let o(f) = -f**2 - 8*f + 3. Let s(l) = p*y(l) + 7*o(l). Suppose z - 12 = 3*z. Give s(z).
13
Let u be (-1)/(-3) + (-14)/(-3). Let b(t) be the third derivative of -t**5/60 + t**4/4 - t**3/2 - 55*t**2. Calculate b(u).
2
Let s(u) = 11*u**3 - 18*u**2 - 27*u - 23. Let x(y) = 5*y**3 - 9*y**2 - 13*y - 11. Let k(h) = -4*s(h) + 9*x(h). Calculate k(10).
3
Let s(y) = -14*y + 21*y + 5*y**2 + 3*y**2 - 7*y**2 - 13. Let b(n) = -2*n**2 - 14*n + 25. Let l(o) = -3*b(o) - 5*s(o). Calculate l(-8).
-2
Let i be 3/(2 + 1) - (4 + -4). Let n(q) = 8*q - 5 + i + q**2 + 0*q**2. What is n(-9)?
5
Let g(n) be the third derivative of n**6/120 + n**5/15 + n**4/12 + n**3 - 231*n**2 - 2. What is g(-4)?
-2
Let i(s) be the second derivative of 0*s**2 + 5/6*s**3 + 0 - 1/12*s**4 - 15*s. Determine i(5).
0
Let g(i) be the second derivative of -i**3/2 + i**2/2 + 2*i. Let z be (0/(-4 + 8))/3. Suppose z = 2*d - 6 + 2. What is g(d)?
-5
Suppose -2*t + 7*t - 10 = 0. Let h be t/(-13) - (-16)/104. Let i(p) = p - 9. Determine i(h).
-9
Let s(y) be the third derivative of -y**6/40 + y**5/60 + y**3/3 + 7*y**2. Let l be s(-2). Suppose -c - 4*c = -l. Let f(d) = -d + 2. Calculate f(c).
-4
Let b(z) = -4*z**3 + 7*z + 9. Let k(m) = 7*m**3 - m**2 - 14*m - 17. Let o(u) = 5*b(u) + 3*k(u). Determine o(-2).
-12
Let d be 2*((-30)/108 - 2/9). Let o(j) be the first derivative of 3*j**3 + j**2/2 + 4. Calculate o(d).
8
Let d(h) be the second derivative of h**4/12 + h**3/2 - 5*h**2/2 + 40*h. Determine d(-5).
5
Let g(x) = x**3 - 6*x**2 - 3*x + 3. Let p = -29 + 32. Suppose d + w + 0 = 5, -3*d + p*w = -21. Determine g(d).
-15
Suppose -2*z = 3*d - 4 - 0, -2*d + 4 = 0. Let j(t) = -16*t**3 + 2*t**2 + t. Give j(z).
17
Let d(u) = u**2 + 7*u - 6. Suppose 8*v - 38 = -6. Suppose -f - 5 = m, -f = -2*m + v + 10. Calculate d(f).
2
Let h(c) = -3*c - 12 + 23 - 6 + c. Give h(7).
-9
Let q(m) = -m + 85. Let v(x) = 27. Let o(t) = -2*q(t) + 7*v(t). Determine o(-11).
-3
Suppose 2*s + 16 = 3*d, -3*d = 8*s - 7*s - 19. Let o(w) = 2*w**2 - 9*w + 2. Determine o(d).
20
Let g(n) be the second derivative of n**4/12 - 5*n**3/6 + n**2/2 + 117*n. Let d = -12 - -15. Give g(d).
-5
Suppose 3*j + 31 = z, -j + 2*j = -1. Let m(f) = -13*f - 13*f + z*f. Determine m(-1).
-2
Let k(j) = j**3 + j**2 + j. Suppose -17*a - 29 = 22. Calculate k(a).
-21
Suppose 46 + 9 = -5*o. Let z be (3/(-2))/(o/22). Let v(q) = z*q**2 - 8*q**2 + q + 10*q**2 + 0*q. Calculate v(1).
6
Let t(m) be the second derivative of -3*m**5/20 - m**3/6 + 29*m. Let w be 2/24*6*-2. Determine t(w).
4
Let p(y) = y**3 + 9*y**2 - 5*y + 1. Let z(b) = b**3 + 8*b**2 - 4*b. Let i(r) = 4*p(r) - 5*z(r). Let v(q) = -q**2 + 19*q - 3. Let m be v(19). What is i(m)?
-5
Suppose -3*r + 5 = 23. Let x(q) = 0*q + 0*q - 5*q - 2 + 4*q. Let u be x(r). Let w(d) = -d**2 + 6*d - 5. Calculate w(u).
3
Let b = 2 + -3. Suppose 0 = -31*d + 33*d - 4. Let c(a) = 13 + d*a - a - 11. Give c(b).
1
Suppose 5*o = 3*y - 19, 11 = 3*y + 4*o - 5*o. Let g(u) = -5*u**2 + 6*u. Let p(q) = -11*q**2 + 12*q. Let i(v) = 9*g(v) - 4*p(v). Determine i(y).
9
Let v(t) = 405*t**2 - 5*t + 4 + 407*t**2 - 811*t**2. What is v(-5)?
54
Let p(x) = -13*x + 57. Let u be p(4). Let m(v) = v**2 - 4*v + 1. Calculate m(u).
6
Let d(s) = -5*s + 1. Let h = -16 + 13. Let t be -3 + 8*h/(-6). Give d(t).
-4
Let p(y) be the second derivative of 0 - 2*y**2 + 10*y + 5/6*y**3. Let o(l) = l. Let n(w) = 4*o(w) - p(w). What is n(4)?
0
Let d(b) = -b**2 - 2*b - 1. Let z(u) = -u - 5. Let i(t) = -t - 5. Let g(k) = 6*i(k) - 5*z(k). Let y be g(-3). Calculate d(y).
-1
Let a = -14 + 7. Let g(y) be the third derivative of 0*y + 0 + 1/60*y**5 - y**2 + y**3 + 1/3*y**4. Give g(a).
-1
Suppose 2*o + 48 = 42. Let b(p) = 4*p. Let l(c) = -7*c - 1. Let q(r) = o*l(r) - 5*b(r). Determine q(3).
6
Let l(m) be the third derivative of m**6/120 + m**5/15 - m**4/6 - m**3/3 + 4*m**2. Let v(a) = -20*a - 43. Let n be v(-2). What is l(n)?
19
Let o(v) = 3*v - 3. Let l(z) = 7*z - 6. Let f(b) = 4*l(b) - 9*o(b). Let u be (-3)/21 - 3/(-21). Suppose u*r = -5*r. What is f(r)?
3
Let s(g) = -2*g - 3. Let r(v) = -1. Let p(h) = 2*r(h) - s(h). Let m(w) = 1. Let u(k) = k**2 + 5*k - 6. Let o be u(-5). Let j(l) = o*m(l) - p(l). Give j(-6).
5
Let h(v) = 13*v - 23. Let a be h(2). Let z(t) = 4*t - 15*t**2 - a*t + 18*t**2. What is z(-1)?
2
Let s(z) be the first derivative of z**4/4 + 3*z**3 + 3*z**2/2 + 415. Determine s(-8).
40
Suppose o + 2*o = 54. Suppose 7 + o = 3*v - 4*u, -4*v = -5*u - 35. Suppose 2*s + v - 3 = 0. Let b(k) = -k**3 - 5*k**2 + 5*k - 5. Give b(s).
1
Suppose -18 = -0*c + 3*c. Let j(u) be the third derivative of 0*u + 2*u**2 + 4/3*u**3 - 1/60*u**5 - 1/12*u**4 + 0. Determine j(c).
-16
Let h(f) = -f**2 - 16*f - 3. Suppose -4*a + 11 = -5*t + 52, -t - 59 = 4*a. What is h(a)?
25
Suppose -9*r - 7 = -52. Let g(z) = -2*z + 4. Calculate g(r).
-6
Let q(v) be the first derivative of -v**4/4 - 6*v**3 + 10*v**2 + 15*v + 119. Calculate q(-19).
-4
Let j(g) be the second derivative of g**5/20 - g**3/2 - 11*g**2/2 - 10*g. Let d(x) = -x**3 + 4*x + 12. Let u(s) = 3*d(s) + 4*j(s). Calculate u(0).
-8
Let y = -251 - -238. Let o(k) = k + 17. What is o(y)?
4
Let u(l) = -5*l**3 + 3 - 4*l + l**2 + 0*l**2 + 0*l**3 + 6*l**3. Let k = 15 + -13. Give u(k).
7
Suppose -y - 2 = -6. Suppose j - 25 = -y*j. Suppose 2*z + 3*z = -2*k + 8, k - 9 = -j*z. Let g(w) = -8*w**2. Give g(k).
-8
Let y(i) be the second derivative of -i**5/120 + 5*i**4/24 - 5*i**3/3 - 10*i. Let s(k) be the second derivative of y(k). Let u be (2/6)/(-1)*-15. What is s(u)?
0
Let k(a) = -1173*a + 12 + 2349*a - 1180*a. Give k(5).
-8
Suppose -2*c + 4 = -4. Suppose x = 5*x + c. Let u = -3 + x. Let m(r) = r**2 + 6*r + 3. Give m(u).
-5
Let j(z) be the third derivative of -z**4/12 - z**3/6 - 288*z**2. What is j(-1)?
1
Let s(k) = k**2 - 5 + 3*k**3 + 4*k + 0*k**3 - 2*k. Let i(o) = 1. Let q(z) = 6*i(z) + s(z). Give q(-1).
-3
Suppose 0 = -3*g - 6. Let i(w) be the first derivative of -w**3/3 - 3*w**2/2 - 3*w - 35. Calculate i(g).
-1
Let h(p) = -2*p. Let i(l) = l**2 + 2*l - 2. Let w(o) = -3*h(o) - i(o). Suppose z + 21 = 4*z. Let v = 10 - z. Give w(v).
5
Suppose 0 = 3*g - x - 12, 0*x = 2*g - x - 7. Let l be (-3)/(g/(-2) + 1). Let s(m) = 0 + 2 + 1 - m**3 - 5 + 2*m - m**l. What is s(2)?
-10
Let p be 1/(-2) - (-1)/2. Suppose -5*u - 33 = d - 3*d, p = -5*d + 20. Let v(h) = -h + 2. Calculate v(u).
7
Let u(p) = p**3 + 2*p**2 + 2. Let b be u(2). Let l be (b/(-10))/((-30)/100). Let f(m) = -m**2 + 5*m - 1. Calculate f(l).
-7
Let f(y) be the third derivative of y**6/720 + y**5/120 + y**4/2 + 25*y**2. Let u(d) be the second derivative of f(d). What is u(-5)?
-4
Suppose 3*a - 7 = 2. Let v(w) be the third derivative of -w**4/6 - w**3/3 + 104*w**2 + 2. Determine v(a).
-14
Let z(p) = p**2 + 8 - 7*p + p**3 + 3*p**2 + p**2. Let r(u) = -u**3 - 22*u**2 + 25*u + 40. Let j be r(-